*m + d = 2452. Suppose 3*a = m + 142. Is a composite?
False
Let y(k) = -11*k**2 + 2*k - 5. Let x be y(-3). Let m = x + 161. Is m prime?
False
Suppose -261 = y - 834. Suppose -6*t + 3*t + y = 0. Is t prime?
True
Suppose 43 = -3*u + 166. Suppose u + 33 = -r. Is (r/2)/((-2)/2) prime?
True
Suppose -2*p - 15 = -4*z + 17, -p - 4*z - 40 = 0. Let m = p + 35. Is m composite?
False
Let z(r) be the third derivative of 27*r**6/20 + r**5/60 - r**4/24 + r**3/6 - 3*r**2. Is z(1) a composite number?
False
Suppose -5 = -3*g - 2*r + 3*r, 4*g + 2*r = 0. Suppose -g + 70 = c. Is c a composite number?
True
Let m(k) = k**2 - 7*k + 5. Is m(-11) a composite number?
True
Let v = -409 + 1398. Is v a composite number?
True
Let c = 4880 - 3349. Is c a composite number?
False
Let u = 134 + -100. Is u a prime number?
False
Suppose 3*m - 15 = -l - 4*l, -5*m - 3*l + 25 = 0. Suppose 2*q = -2*j + 524, -2*q - 527 = -2*j - m*q. Is j composite?
True
Let t be -4 + 0/(2/(-2)). Let r be (-2 - (-14)/t)*2. Let m = r + 22. Is m composite?
False
Suppose -3 + 2 = 4*c - 3*k, 2*k + 2 = 4*c. Let l = 5 - c. Suppose 2*j + 3*x = -l*j + 172, 2*x = 5*j - 177. Is j a composite number?
True
Suppose 2*b = i - 0*b - 809, 0 = -3*i + b + 2402. Is i composite?
True
Is (30/45)/((-2)/(-894)) a composite number?
True
Suppose 5*f = -3*z + 21, -5*z - 2*f - 7 = -23. Suppose z*j = 1 + 5. Is j prime?
True
Let k be 3/(-9) - 20/3. Let j(i) = 2*i + 7. Let v be j(k). Is (v/(-2))/(1/10) a prime number?
False
Let x be (-4)/8*(-8)/1. Suppose x*k = k + 114. Let t = 73 - k. Is t composite?
True
Let n = -6 + 6. Suppose -i - 7*k - 6 = -3*k, n = -5*i - 5*k. Is i - 4 - (3 + -38) prime?
False
Let f(l) = -l + 0 - 5*l - 2 + 4*l. Let d be f(-4). Is 6/9 + 32/d composite?
True
Let w be -12*((-42)/8)/3. Is ((-938)/w)/((-4)/6) a prime number?
True
Suppose 4*j + 0*i - 10918 = -i, 0 = -2*j + i + 5456. Is j a composite number?
False
Suppose 0 = -2*q + 154 + 340. Is q a composite number?
True
Let i(o) = -o**3 + 4*o**2 - 2*o. Let b be i(3). Let d(y) = -34*y + 2. Let v be d(2). Is (0 + b)*v/(-9) prime?
False
Let n(r) = -91*r**3 - 4*r**2 - 7*r - 6. Let b(t) = -90*t**3 - 3*t**2 - 6*t - 5. Let c(y) = 6*b(y) - 5*n(y). Let o be c(1). Let a = o - -142. Is a prime?
False
Suppose -12*f - 2*f + 7294 = 0. Is f composite?
False
Suppose 2332 + 672 = 4*h. Is h prime?
True
Suppose -10*f + 12*f - 502 = 0. Is f composite?
False
Let s be -1*2 + -6 + 7. Let a = s + -5. Is 122/6 + (-4)/a prime?
False
Let z = -66 + 148. Suppose -z = -4*j + 42. Is j composite?
False
Let r be (-1046)/12 - (-3)/18. Is (1 - (r - 0)) + 1 composite?
False
Let a = -7 - -10. Suppose 4*t - 77 = a*t. Is t a composite number?
True
Let k be 5/10*(-4)/2. Let s = k - -260. Is s a prime number?
False
Suppose -2*n + 12 = f, -3*f - 2*f + 5*n = 15. Suppose f*p - 107 + 33 = 0. Is p composite?
False
Let u(s) be the third derivative of -9*s**4/8 - s**3/3 + 4*s**2. Is u(-3) prime?
True
Let m = 8141 + -5146. Is m a prime number?
False
Suppose -y + 43 = -26. Is y composite?
True
Is 2/3*3*179 composite?
True
Suppose -3*k + 4671 = z - 3*z, 3*k - 4683 = -2*z. Is k a composite number?
False
Let a(g) = 15*g + 13. Is a(7) a composite number?
True
Let c be 45/(-20)*(5 + -1). Let h be 252/8*(-30)/c. Let m = h + 10. Is m composite?
True
Suppose 2*t + 1664 = 6*t. Let h = t - 225. Is h a composite number?
False
Let z = 0 - -5. Suppose -z*w - 1661 = -3*b - b, 2*b + 4*w = 850. Is b composite?
False
Let o(g) = 2*g + 0*g**3 - 9 + 4*g**2 - 6*g**3 + 8. Is o(-2) a composite number?
False
Let h(v) = 284*v + 1. Let q be h(1). Let t = q - 140. Is t a composite number?
True
Suppose -z + 2*z = 0. Suppose 3*p + 2*r + 14 = 0, z = p - 2*r + r - 2. Is -2*3*1/p a prime number?
True
Let k = 580 - 227. Is k a prime number?
True
Let k = -12 - -3. Let u be (-3)/(k/96) - 1. Suppose o - 5*c - 11 = 0, -2*o + 19 = 4*c - u. Is o a prime number?
False
Suppose -3*z + 904 + 161 = 0. Is z composite?
True
Let h(a) be the second derivative of 0 - 3*a - 1/20*a**5 + 3/4*a**4 + 0*a**2 + 11/6*a**3. Is h(10) prime?
False
Suppose 53995 = k + 4*k. Is k a composite number?
False
Let k(j) = j**3 - j**2 + 3*j + 10. Is k(9) prime?
False
Suppose 3*b - 5*q - 24 = 0, -2*q + 0 = 6. Suppose -b*n - 32 = -179. Is n a prime number?
False
Let z = -18 - -37. Is z a composite number?
False
Suppose -5*k = -8*k + 306. Let a = 54 - k. Let t = a + 67. Is t a composite number?
False
Let b be 2 + (-4 - -3) - -3. Suppose -4*x + x = 4*h - 239, 0 = b*x - 4*h - 300. Is x a composite number?
True
Let z(k) = k + 2. Let g be z(-2). Suppose -w - 12 = -j - 2*w, g = -j + 5*w + 30. Is j prime?
False
Let f be (12/(-2))/(-2 + 0). Suppose 158 = -2*n + f*n. Let c = n - 84. Is c a prime number?
False
Let k = 8 + -4. Suppose -2*s - 36 = 4*q - 0*s, -5*q - 42 = k*s. Let b(j) = -7*j - 15. Is b(q) a composite number?
True
Let r(u) = -u**3 + 6*u**2 - 6*u + 1. Let w be r(4). Suppose 5*z = 24 - w. Suppose 0 = z*j + 4*o - 293, -2*j - 4*o + o = -197. Is j prime?
False
Let h be 4/8 - (-202)/4. Let t be (-2)/(-9) - 92/9. Is (t/(-3) + -1)*h prime?
False
Let u(t) = 1254*t - 5. Is u(1) a composite number?
False
Let p(i) = -5 + 2*i + 123*i**3 - i**3 + 4 - 2*i**2 - 24*i**3. Is p(1) a composite number?
False
Suppose n = 5*l + 309, 0*n - 2*l - 315 = -n. Is n composite?
True
Let q = 651 - 444. Is q/(-6)*(1 + -3) a prime number?
False
Let a(w) = 4*w + 3761. Is a(0) a composite number?
False
Let u(g) = -27*g + 2. Is u(-15) a composite number?
True
Let z = -8 + 0. Let f be 5/20 - 22/z. Is 88 + 0/(-2) - f prime?
False
Let c(p) = -5*p - 26. Let l(t) = 2*t + 9. Let h(j) = -3*c(j) - 8*l(j). Let d be h(5). Is (-2)/(-2) - (-47 - d) a prime number?
False
Let u(h) = -42*h. Let x be u(-1). Suppose 0 = -3*m + 273 - x. Is m a prime number?
False
Let u(o) = o**3 + 12*o**2. Let q be u(-12). Suppose 5*l = -3*m + 919, q*l = 4*l + 4*m - 732. Is l prime?
False
Let l = -76 - -50. Let z = l + 83. Is z composite?
True
Let g(d) = -25*d - 3. Is g(-2) a composite number?
False
Let a be (-2 - -1) + (0 - -5). Let r = a - -1. Suppose -4 = -r*x + 6. Is x prime?
True
Let t = 956 - 511. Suppose -623 = 2*y + t. Is (-4)/(-16) + y/(-8) a prime number?
True
Let x = -9 - -6. Let i be (-2)/(1/(x/3)). Suppose 2*f = -2*a - i*f + 6, -3*a + 19 = 4*f. Is a a prime number?
True
Let k(g) be the first derivative of g**3/3 + 3*g**2/2 - 5*g - 5. Suppose 0 = -2*z + 2 + 8. Is k(z) composite?
True
Suppose -5*b = 3*d - 25, -2*d - 21 = -3*b - 5*d. Suppose -b*f + 2*q = 2*f - 34, 0 = -4*f + 3*q + 39. Is ((-4)/5)/(f/(-105)) a composite number?
True
Let i = -9 + 11. Suppose -929 = -5*t - i*o, o - 6 = -4. Is t prime?
False
Let t = 13 + -8. Suppose -19 = -2*p - 5*y, -4*p - 2*y + 19 = t. Suppose p*h + 37 = 3*h. Is h composite?
False
Suppose 30 = -3*x + 264. Let o(r) = 41*r**2 + r - 1. Let m be o(1). Let v = x - m. Is v a composite number?
False
Is (-10)/((-3)/(-201)*-2) composite?
True
Is 0 + 78*5 + 1 a composite number?
True
Let x be 1*(-2 + (-3 - -2)). Is -2 + (0 - x) + 76 a prime number?
False
Let n(m) = 41*m**2 - m - 1. Let i(o) = -o + 13. Let q be i(12). Is n(q) a composite number?
True
Let z(t) = -2*t**3 + 3*t**2 - 6*t + 7. Is z(-6) a composite number?
True
Let q = 2447 + -1662. Is q composite?
True
Suppose 0 = 8*g - 9*g + 953. Is g composite?
False
Let s(i) = 202*i**2 - i + 43*i**2 + 11*i**2 + 0*i. Is s(-1) a composite number?
False
Suppose -3*l - 3*k = -2*l - 260, 4*k = -5*l + 1267. Is l composite?
False
Let x = 11 - 9. Suppose 139 = -c + x*c. Is c a prime number?
True
Is (3/(-12))/(3/(-6492)) a composite number?
False
Let q(k) = k**2 + 2*k - 2. Let o be q(-3). Let z = 1 + o. Suppose -g = z*g - 105. Is g composite?
True
Is 646/(-4)*(10/(-2) - -3) prime?
False
Let n(w) be the second derivative of -w**5/12 + 7*w**4/24 - w**3/2 + 2*w. Let g(f) be the second derivative of n(f). Is g(-8) prime?
False
Suppose -x - 4*a + 20 = 0, -4*a = -x - 4*x + 4. Let j(p) = -3 + x + 10*p**2 - p - p. Is j(2) composite?
False
Suppose 5*j = 4*d - 5, 0*j = -j + d - 2. Suppose -2*t + 3 = j*x, -6*t + 2*t = -3*x + 3. Suppose t = -5*k + 25, 4*g - k = -g + 90. Is g composite?
False
Suppose 5*z = 1331 + 3264. Is z a prime number?
True
Suppose 3*a - 25 = -4*l, a - 11 = -5*l + 4*a. Suppose 3*f + o - 381 = 0, -75 = l*f + 2*o - 583. Is f a composite number?
False
Suppose 2*z = 4, -t